True
Suppose -2*k - v + 3 = -3*k, 0 = -2*k - 5*v - 27. Let x be k/4 + (-650)/(-4). Suppose -2*i + 93 + x = 0. Is i a composite number?
False
Let w = 37347 - -51650. Is w a composite number?
False
Suppose 120*o = 130*o - 99610. Is o a prime number?
False
Let p(u) = -u**2 + 8*u - 4. Let f be p(7). Let w(r) = -4*r - r**f + 12*r**2 + 13 - 6 - 3*r**2. Is w(6) a prime number?
False
Let a(b) be the second derivative of 5*b**4/12 + 2*b**3/3 - 9*b**2 - b. Is a(11) composite?
False
Let x be -3 - (-9 + 4) - 2. Suppose -b + 1777 = -x*b. Suppose 3*v + 322 - b = 0. Is v a prime number?
False
Let u = 8 - 3. Suppose -13 = -3*a + u*i, 0*a + 7 = 3*a - 2*i. Is 13 - -11 - a*-1 a prime number?
False
Let k = 19 + -17. Let z(j) = 66*j**2 + 61*j**2 + k*j + 0 + 85*j**2 + 1. Is z(-1) prime?
True
Suppose 16 = 4*u, -1697 - 4141 = -p + 5*u. Suppose 5*z = p - 1963. Is z composite?
True
Let k be 3 + 10/1 + -1. Is (k/6)/((-2)/(-58)) prime?
False
Let l = 93 - -14. Suppose 17*s - 15*s = 6. Suppose -3*n - 5*i = -270, -s*n + l = -4*i - 190. Is n prime?
False
Let i be 0/3*(-1)/(-2). Let j = 4 + i. Suppose -n - j + 23 = -4*v, -25 = -5*v. Is n a composite number?
True
Suppose -8*g = -g - 147. Let i = g - -32. Is i a prime number?
True
Suppose 6400 = k + 3*p, -2*k + 2*p - 5*p = -12788. Suppose 0 = -4*g - 0*g + k. Is g a composite number?
False
Let p(a) = 42*a - 63. Let j(m) = -6*m + 9. Let i(r) = 27*j(r) + 4*p(r). Let s be i(12). Suppose 5*o + s = 998. Is o composite?
True
Let p = -49 - -56. Suppose 4*z - 2893 = -p*z. Is z prime?
True
Suppose 3*l - 2*o - 44 + 14 = 0, -l = 2*o - 2. Suppose -6*n - 1142 = -l*n. Is n a prime number?
True
Let u(f) = -222*f - 2. Let a be 0*2/(-4) - 2. Let r be u(a). Let x = r - 293. Is x a composite number?
False
Suppose 2*o - 70 = -122. Let q = 11 + -30. Let m = q - o. Is m prime?
True
Let j be (-1547)/2 - (-2)/(-4). Let c = j - -286. Let v = c - -2389. Is v a composite number?
False
Let o = -7 - -17. Let p be (o/4)/(2/4). Let k(h) = 11*h**2 + 4*h - 2. Is k(p) prime?
True
Let b be (-24)/(-96) - 13/4. Let t(g) = 2*g + 1 - 6*g + 36*g**2 + 0. Is t(b) a prime number?
True
Let k(n) = 32*n**2 - 12*n + 707. Is k(-36) prime?
True
Let a(g) = -g**2 - 18*g - 14. Let m be a(-17). Suppose -2*t = -m*t + 132. Suppose f = -3*f + t. Is f a prime number?
False
Suppose 4*u - 20 = 0, 2*a = -3*u + 3479 - 738. Is a a composite number?
True
Let s = -36 + 38. Suppose 68 + 110 = s*k. Is k a prime number?
True
Let v = -512 - -831. Is v prime?
False
Is 29846*((-11)/88)/(1/(-4)) composite?
False
Let f(n) = -n**2 + 13*n. Let k(s) = 2*s - 1. Let r be k(7). Let b be f(r). Suppose 4*m - 5*x - 1122 = 0, m - 288 = 5*x - b*x. Is m prime?
False
Suppose -h + 0 = -2. Suppose -2*m + 68 = -3*a + 7*a, h*a = m - 34. Is m composite?
True
Suppose 0 = -422*w + 406*w + 260048. Is w a prime number?
True
Let h(k) = -k**2 - 4*k + 8. Let f be h(-5). Let u be 1/((-40)/(-36) - 1). Suppose 0*c - f*c = -u. Is c a composite number?
False
Let g be (-3)/2 + (-33)/(-6). Suppose 335 = 5*v + 3*k, v - k - 79 = -g. Let y = v - -183. Is y prime?
False
Let w(s) be the third derivative of -11*s**4/8 - 5*s**3/3 - 3*s**2. Let v be w(8). Let x = 669 + v. Is x a composite number?
True
Let v = -1404 - -13631. Is v composite?
False
Let t = 96 - 103. Let y(n) be the first derivative of -48*n**2 + 9*n - 1. Is y(t) a prime number?
False
Suppose 2*z = -v + 5, 0 = -4*v + 3*z - 8*z + 11. Is v*(0 + (-142 - 0)) prime?
False
Let y be ((-4255)/(-2))/5*2. Suppose 0 = -q + 5*x + y, q + 4*x - 1003 = -170. Is q a composite number?
True
Let i(w) = 71*w**2 + 2*w - 3. Let b be -3*49*1*-1. Let r be 52/14 - (-42)/b. Is i(r) composite?
True
Suppose 76627 - 7866 = 5*v + t, 5*t - 54992 = -4*v. Is v a prime number?
False
Let b(v) = 392*v + 11. Let x(i) = 131*i + 4. Let k(f) = -6*b(f) + 17*x(f). Is k(-1) a prime number?
True
Let j(p) = -p**3 + 11*p**2 - p + 8. Let a be j(11). Let i = -3 - a. Suppose -3*l - 88 = -5*o + 4*o, i = 3*o - 5*l - 260. Is o composite?
True
Let x(l) = -189*l - 1. Is x(-10) a prime number?
True
Let x(m) = -5*m**3 + 7*m**2 - 7*m + 14. Is x(-9) a composite number?
False
Suppose -4*m - 3497 = -6*m + v, 8725 = 5*m + v. Let h = 101 + m. Is h composite?
False
Let k(q) = -56*q - 106. Is k(-19) a composite number?
True
Let s(v) = 2*v**2 + 12*v - 18. Let d(k) = -k**2 - 6*k - 3. Let g be d(-5). Suppose g*n = 3 + 13. Is s(n) prime?
False
Suppose -3*u = -4*d - 6, -3*u = -0*d - 2*d - 6. Let x(m) = 56*m**2 - m. Let w be x(2). Suppose -u*c + w = t, 3*c + 34 = t + 377. Is c prime?
True
Let w(l) be the second derivative of l**5/20 - 5*l**4/12 + l**3/3 + 5*l**2/2 + l. Let j = 555 + -550. Is w(j) a composite number?
True
Suppose 0 = s + 87 - 836. Is s + ((-2)/(-10) - 54/(-30)) composite?
False
Let p = 533 + -266. Suppose 0 = y + 2*j - p, -3*y + 4*j + 176 + 575 = 0. Is y composite?
False
Is (16/56)/((-1)/(-24437)) composite?
True
Let b(q) be the first derivative of -q**4/4 + 2*q**3/3 - 8*q**2 - 7*q - 14. Is b(-8) a composite number?
False
Let a be 2*((-3 - -5) + 322). Suppose 2307 = 5*q - a. Suppose -2352 = -4*o + 4*v, -o + 2*o - 4*v = q. Is o composite?
False
Let z be ((-125)/2)/(6/(-12)). Suppose -3*f - 14 = -z. Is f composite?
False
Let w(p) = p**2 - 5*p + 3. Let d be w(3). Is (d/((-6)/(-1796)))/((-2)/1) a composite number?
False
Suppose 7*u - 113427 = -20*u. Is u a prime number?
True
Let z = -15600 - -30991. Is z composite?
False
Let h = -1144 + 2199. Is h a prime number?
False
Let d = -11 - -14. Suppose 4*z = -2*f + 766, -d*z - 2*f = -474 - 101. Is z a composite number?
False
Suppose 10 = 12*i - 7*i. Suppose -n + i*x + 4111 = -0*x, 2*x = 0. Is n composite?
False
Suppose -7*o + 11*o + 64 = 0. Let c = -13 - o. Suppose -r - c*p = -775, 0 = r - p - 366 - 401. Is r prime?
True
Is (-18591063)/(-627) + 4/22 prime?
False
Suppose -5*h - 16483 = -98*r + 97*r, 5*r - 82519 = -h. Is r prime?
False
Suppose -40*y - 10522 = -42*y - 4*q, 4*y + q = 21044. Is y a prime number?
True
Suppose -178*q + 170*q + 64952 = 0. Is q a composite number?
True
Let i(j) = 44*j**2 + j - 74. Is i(12) a prime number?
False
Let b(d) = -11*d + 4. Let r(n) = 56*n - 20. Let f(k) = -16*b(k) - 3*r(k). Let s be f(11). Let c = s + 107. Is c prime?
True
Let v be (-11 + 3)/(4 + -3). Let p = -4 - v. Suppose -6*a + p*t + 52 = -4*a, -5*a + 104 = 3*t. Is a a prime number?
False
Suppose -88 = 2*b - 6*b. Let m be -73*(-3)/(-15) - (-15)/25. Is 818/b + m/77 a composite number?
False
Let b = 12470 + -6619. Is b prime?
True
Suppose -22*m = -20*m - 1414. Is m prime?
False
Let s(b) = 19 + 68*b - 93*b - 198*b - 55*b. Is s(-8) composite?
False
Is 3/(1369423/136939 - 10) a composite number?
True
Let z be (0 + -1 + 2)*(28 - 32). Suppose -2*q - 3*h + 30 = 0, h - 2*h = 2*q - 34. Is 1721/9 + z/q a prime number?
True
Suppose 0 = 5*d + a - 41280, 7*d - 6*d - 8242 = -3*a. Is d a prime number?
False
Let s = 29 - 25. Suppose -5*n + 3180 = 5*r, -s*n + 3 + 17 = 0. Is r a prime number?
True
Suppose 0*c + 3*i = -3*c - 12, -c + 2*i = -5. Let w = c + 6. Suppose -w*p + 499 = -456. Is p prime?
True
Let f(j) = 961*j - 9. Let y be f(3). Suppose 0 = m - 7*m + y. Is m a prime number?
True
Is (139/2)/((-2)/(-68)) prime?
False
Suppose j + 10289 = -3480. Let q = -9124 - j. Is q composite?
True
Let p(w) = 450*w - 7. Let k be p(4). Let t = k - 1122. Is t a composite number?
True
Let d = -8 + 10. Let c(v) = 2*v**2 - v**2 + 3*v**2 + 6*v + 3*v**d - 6. Is c(-5) composite?
False
Let y(g) = g**2 - 10*g - 21. Let l be y(12). Suppose 12 = l*m, -4*j = -2*m - 3484 + 248. Is j a composite number?
False
Suppose 3*v - 3*n = 47592, 6*v + n = -4*n + 95129. Is v a composite number?
False
Let s(t) = t**3 + 14*t**2 + 9*t + 9. Let l be s(-6). Suppose -11228 = -247*f + l*f. Is f prime?
False
Suppose 383 = -3*b + 4*w + 15610, -15187 = -3*b - 4*w. Is b composite?
True
Suppose 2*h - h - 5 = 0, -4*c + 5*h = 13. Suppose 0 = c*t + b - 58, -3*t + 4*b + 64 = 11. Is t prime?
True
Suppose -5*h + 71785 = 5*s, -14373 = -h - 44*s + 39*s. Is h a composite number?
True
Suppose 13*a - 7599 - 1280 = 0. Is a a composite number?
False
Suppose 96 = 4*p - 48. Let m be ((-3)/3)/(2/(-42)). Let b = p - m. Is b a prime number?
False
Suppose 111*b - 139*b = -1652756. Is b a prime number?
False
Is 4*(-37958)/(-32)*4 a prime number?
True
Let b(a) = a**3 - 11*a**2 - 14